What is the remainder when 938 is divided by 20?
18
What is the remainder when 580 is divided by 65?
60
What is the remainder when 210 is divided by 20?
10
Calculate the remainder when 805 is divided by 31.
30
Calculate the remainder when 139 is divided by 58.
23
What is the remainder when 2964 is divided by 35?
24
Calculate the remainder when 536 is divided by 17.
9
Calculate the remainder when 141 is divided by 19.
8
What is the remainder when 282 is divided by 162?
120
What is the remainder when 140 is divided by 76?
64
Calculate the remainder when 39 is divided by 7.
4
Calculate the remainder when 242 is divided by 36.
26
What is the remainder when 2758 is divided by 53?
2
What is the remainder when 110 is divided by 38?
34
Calculate the remainder when 258 is divided by 52.
50
What is the remainder when 625 is divided by 19?
17
Calculate the remainder when 318 is divided by 11.
10
Calculate the remainder when 1428 is divided by 286.
284
Calculate the remainder when 446 is divided by 53.
22
Calculate the remainder when 90 is divided by 30.
0
Calculate the remainder when 199 is divided by 99.
1
What is the remainder when 91 is divided by 48?
43
Calculate the remainder when 181 is divided by 28.
13
Calculate the remainder when 281 is divided by 94.
93
Calculate the remainder when 309 is divided by 26.
23
What is the remainder when 569 is divided by 70?
9
Calculate the remainder when 26 is divided by 6.
2
What is the remainder when 52 is divided by 13?
0
What is the remainder when 498 is divided by 84?
78
What is the remainder when 267 is divided by 54?
51
Calculate the remainder when 26 is divided by 11.
4
What is the remainder when 1186 is divided by 108?
106
What is the remainder when 1815 is divided by 603?
6
What is the remainder when 327 is divided by 83?
78
What is the remainder when 84 is divided by 25?
9
What is the remainder when 731 is divided by 92?
87
What is the remainder when 1193 is divided by 111?
83
What is the remainder when 43 is divided by 36?
7
Calculate the remainder when 36 is divided by 27.
9
What is the remainder when 159 is divided by 55?
49
Calculate the remainder when 280 is divided by 22.
16
What is the remainder when 1143 is divided by 5?
3
Calculate the remainder when 15623 is divided by 42.
41
What is the remainder when 910 is divided by 21?
7
What is the remainder when 607 is divided by 168?
103
What is the remainder when 355 is divided by 55?
25
What is the remainder when 253 is divided by 51?
49
What is the remainder when 1105 is divided by 405?
295
What is the remainder when 138 is divided by 4?
2
Calculate the remainder when 331 is divided by 72.
43
What is the remainder when 163 is divided by 51?
10
Calculate the remainder when 117 is divided by 26.
13
Calculate the remainder when 851 is divided by 211.
7
Calculate the remainder when 3037 is divided by 2.
1
What is the remainder when 822 is divided by 118?
114
What is the remainder when 347 is divided by 3?
2
Calculate the remainder when 163 is divided by 4.
3
Calculate the remainder when 443 is divided by 131.
50
What is the remainder when 2051 is divided by 13?
10
What is the remainder when 491 is divided by 41?
40
What is the remainder when 175 is divided by 83?
9
What is the remainder when 337 is divided by 4?
1
What is the remainder when 2457 is divided by 30?
27
Calculate the remainder when 2153 is divided by 58.
7
What is the remainder when 2481 is divided by 17?
16
Calculate the remainder when 167 is divided by 3.
2
What is the remainder when 258 is divided by 52?
50
Calculate the remainder when 93 is divided by 55.
38
What is the remainder when 178 is divided by 43?
6
Calculate the remainder when 1285 is divided by 7.
4
What is the remainder when 238 is divided by 111?
16
What is the remainder when 905 is divided by 204?
89
Calculate the remainder when 518 is divided by 104.
102
Calculate the remainder when 79 is divided by 27.
25
Calculate the remainder when 237 is divided by 34.
33
What is the remainder when 1037 is divided by 16?
13
What is the remainder when 2242 is divided by 743?
13
Calculate the remainder when 318 is divided by 35.
3
Calculate the remainder when 721 is divided by 347.
27
What is the remainder when 441 is divided by 148?
145
What is the remainder when 4247 is divided by 36?
35
Calculate the remainder when 32 is divided by 27.
5
What is the remainder when 197 is divided by 5?
2
What is the remainder when 25 is divided by 19?
6
Calculate the remainder when 85 is divided by 13.
7
Calculate the remainder when 121 is divided by 61.
60
What is the remainder when 246 is divided by 17?
8
What is the remainder when 65 is divided by 26?
13
Calculate the remainder when 338 is divided by 68.
66
Calculate the remainder when 1684 is divided by 26.
20
Calculate the remainder when 2608 is divided by 862.
22
Calculate the remainder when 440 is divided by 61.
13
Calculate the remainder when 167 is divided by 9.
5
What is the remainder when 165 is divided by 6?
3
What is the remainder when 297 is divided by 145?
7
Calculate the remainder when 367 is divided by 338.
29
What is the remainder when 912 is divided by 83?
82
Calculate the remainder when 97 is divided by 87.
10
Calculate the remainder when 41013 is divided by 13.
11
Calculate the remainder when 291 is divided by 242.
49
What is the remainder when 7271 is divided by 68?
63
Calculate the remainder when 361 is divided by 27.
10
Calculate the remainder when 486 is divided by 149.
39
Calculate the remainder when 1047 is divided by 75.
72
Calculate the remainder when 203 is divided by 59.
26
What is the remainder when 124 is divided by 55?
14
Calculate the remainder when 2456 is divided by 305.
16
What is the remainder when 376 is divided by 30?
16
Calculate the remainder when 1839 is divided by 81.
57
Calculate the remainder when 1848 is divided by 32.
24
Calculate the remainder when 4747 is divided by 72.
67
Calculate the remainder when 363 is divided by 73.
71
What is the remainder when 111 is divided by 31?
18
What is the remainder when 1510 is divided by 390?
340
What is the remainder when 1973 is divided by 654?
11
Calculate the remainder when 114 is divided by 75.
39
What is the remainder when 143 is divided by 118?
25
Calculate the remainder when 274 is divided by 20.
14
Calculate the remainder when 2056 is divided by 28.
12
What is the remainder when 833 is divided by 273?
14
Calculate the remainder when 30 is divided by 18.
12
Calculate the remainder when 177 is divided by 81.
15
Calculate the remainder when 1222 is divided by 44.
34
What is the remainder when 263 is divided by 9?
2
What is the remainder when 417 is divided by 105?
102
Calculate the remainder when 10483 is divided by 80.
3
What is the remainder when 2155 is divided by 17?
13
What is the remainder when 16553 is divided by 5516?
5
What is the remainder when 104 is divided by 7?
6
Calculate the remainder when 78 is divided by 47.
31
Calculate the remainder when 1902 is divided by 238.
236
Calculate the remainder when 360 is divided by 52.
48
What is the remainder when 863 is divided by 54?
53
What is the remainder when 3608 is divided by 95?
93
Calculate the remainder when 1646 is divided by 55.
51
Calculate the remainder when 3920 is divided by 652.
8
What is the remainder when 62 is divided by 26?
10
What is the remainder when 2321 is divided by 473?
429
What is the remainder when 7270 is divided by 17?
11
What is the remainder when 412 is divided by 50?
12
What is the remainder when 407 is divided by 12?
11
Calculate the remainder when 751 is divided by 94.
93
Calculate the remainder when 253 is divided by 17.
15
Calculate the remainder when 1763 is divided by 876.
11
What is the remainder when 2788 is divided by 216?
196
What is the remainder when 712 is divided by 11?
8
What is the remainder when 85 is divided by 8?
5
What is the remainder when 1361 is divided by 1?
0
Calculate the remainder when 184 is divided by 89.
6
What is the remainder when 1494 is divided by 44?
42
What is the remainder when 359 is divided by 181?
178
Calculate the remainder when 1032 is divided by 15.
12
What is the remainder when 545 is divided by 185?
175
What is the remainder when 151 is divided by 52?
47
What is the remainder 